the remainder when 33038 is divided by 28.
26
Calculate the remainder when 1164455 is divided by 243.
242
What is the remainder when 6453 is divided by 6447?
6
What is the remainder when 21057 is divided by 21053?
4
What is the remainder when 6628 is divided by 1713?
1489
What is the remainder when 973193 is divided by 183?
182
What is the remainder when 1610 is divided by 756?
98
What is the remainder when 1701 is divided by 2?
1
Calculate the remainder when 49707 is divided by 170.
67
What is the remainder when 19197 is divided by 100?
97
Calculate the remainder when 277481 is divided by 103.
102
Calculate the remainder when 3729 is divided by 68.
57
Calculate the remainder when 93743 is divided by 50.
43
Calculate the remainder when 1498545 is divided by 82.
77
What is the remainder when 5043 is divided by 92?
75
What is the remainder when 5618 is divided by 380?
298
What is the remainder when 43976 is divided by 6271?
79
Calculate the remainder when 46552 is divided by 620.
52
What is the remainder when 44143 is divided by 124?
123
Calculate the remainder when 8097 is divided by 2696.
9
What is the remainder when 3606 is divided by 5?
1
What is the remainder when 9258 is divided by 3012?
222
What is the remainder when 12323 is divided by 158?
157
Calculate the remainder when 35175 is divided by 5019.
42
What is the remainder when 29278 is divided by 975?
28
What is the remainder when 11723 is divided by 5?
3
What is the remainder when 108636 is divided by 27138?
84
What is the remainder when 196549 is divided by 592?
5
Calculate the remainder when 4853 is divided by 2367.
119
What is the remainder when 42468 is divided by 351?
348
What is the remainder when 82829 is divided by 27601?
26
Calculate the remainder when 4241 is divided by 1343.
212
What is the remainder when 14699 is divided by 28?
27
What is the remainder when 90829 is divided by 221?
219
Calculate the remainder when 281835 is divided by 321.
318
Calculate the remainder when 2437 is divided by 11.
6
What is the remainder when 40304 is divided by 3664?
0
Calculate the remainder when 83785 is divided by 71.
5
What is the remainder when 81357 is divided by 395?
382
Calculate the remainder when 422256 is divided by 430.
426
Calculate the remainder when 2018 is divided by 203.
191
Calculate the remainder when 16510 is divided by 3295.
35
Calculate the remainder when 55317 is divided by 47.
45
What is the remainder when 9173 is divided by 400?
373
What is the remainder when 37545 is divided by 7?
4
Calculate the remainder when 48509 is divided by 32.
29
Calculate the remainder when 66547 is divided by 47.
42
Calculate the remainder when 5560 is divided by 306.
52
Calculate the remainder when 782 is divided by 228.
98
Calculate the remainder when 182260 is divided by 37.
35
Calculate the remainder when 36247 is divided by 603.
67
Calculate the remainder when 1109 is divided by 461.
187
What is the remainder when 4560 is divided by 2463?
2097
Calculate the remainder when 377 is divided by 43.
33
What is the remainder when 5957 is divided by 75?
32
What is the remainder when 75450 is divided by 29?
21
Calculate the remainder when 9425 is divided by 23.
18
Calculate the remainder when 41005 is divided by 406.
405
What is the remainder when 11359 is divided by 632?
615
Calculate the remainder when 8495 is divided by 48.
47
Calculate the remainder when 513136 is divided by 39472.
0
What is the remainder when 437436 is divided by 161?
160
What is the remainder when 591 is divided by 448?
143
Calculate the remainder when 2790205 is divided by 399.
397
What is the remainder when 984 is divided by 127?
95
Calculate the remainder when 131526 is divided by 52.
18
What is the remainder when 3344 is divided by 292?
132
Calculate the remainder when 49320 is divided by 360.
0
What is the remainder when 12647 is divided by 13?
11
Calculate the remainder when 32323 is divided by 2934.
49
What is the remainder when 366 is divided by 23?
21
Calculate the remainder when 9602 is divided by 1919.
7
Calculate the remainder when 2193 is divided by 1068.
57
What is the remainder when 10248 is divided by 209?
7
Calculate the remainder when 17223 is divided by 26.
11
Calculate the remainder when 1980 is divided by 180.
0
What is the remainder when 75521 is divided by 144?
65
What is the remainder when 58898 is divided by 29?
28
Calculate the remainder when 23456 is divided by 23402.
54
Calculate the remainder when 88111 is divided by 705.
691
Calculate the remainder when 45880 is divided by 53.
35
What is the remainder when 1338271 is divided by 5?
1
What is the remainder when 88023 is divided by 11002?
7
What is the remainder when 2213 is divided by 737?
2
What is the remainder when 382419 is divided by 76?
63
Calculate the remainder when 703 is divided by 641.
62
What is the remainder when 76535 is divided by 135?
125
What is the remainder when 35808 is divided by 968?
960
What is the remainder when 24874 is divided by 12427?
20
Calculate the remainder when 8456 is divided by 717.
569
What is the remainder when 49171 is divided by 1199?
12
Calculate the remainder when 156770 is divided by 8.
2
Calculate the remainder when 9747 is divided by 22.
1
What is the remainder when 109978 is divided by 79?
10
Calculate the remainder when 54010 is divided by 1058.
52
What is the remainder when 711 is divided by 668?
43
Calculate the remainder when 643 is divided by 31.
23
Calculate the remainder when 1598 is divided by 183.
134
Calculate the remainder when 4104 is divided by 514.
506
Calculate the remainder when 67465 is divided by 833.
825
What is the remainder when 10502 is divided by 11?
8
What is the remainder when 22937 is divided by 5716?
73
Calculate the remainder when 34484 is divided by 69.
53
What is the remainder when 2683 is divided by 1364?
1319
Calculate the remainder when 908983 is divided by 97.
93
What is the remainder when 427590 is divided by 5?
0
Calculate the remainder when 76789 is divided by 711.
1
What is the remainder when 395390 is divided by 16474?
14
Calculate the remainder when 13816 is divided by 861.
40
Calculate the remainder when 122961 is divided by 14.
13
What is the remainder when 1006751 is divided by 15?
11
What is the remainder when 783 is divided by 293?
197
What is the remainder when 221385 is divided by 277?
62
Calculate the remainder when 3777 is divided by 17.
3
What is the remainder when 128484 is divided by 183?
18
What is the remainder when 182157 is divided by 495?
492
What is the remainder when 453259 is divided by 56?
51
What is the remainder when 9397 is divided by 1040?
37
What is the remainder when 20329 is divided by 6772?
13
What is the remainder when 18115 is divided by 57?
46
Calculate the remainder when 5071 is divided by 241.
10
Calculate the remainder when 54126 is divided by 7.
2
Calculate the remainder when 603 is divided by 65.
18
Calculate the remainder when 11966 is divided by 20.
6
What is the remainder when 11565 is divided by 972?
873
Calculate the remainder when 174119 is divided by 87050.
19
Calculate the remainder when 157793 is divided by 49.
13
What is the remainder when 1251797 is divided by 100?
97
What is the remainder when 108397 is divided by 8337?
16
What is the remainder when 121374 is divided by 1333?
71
Calculate the remainder when 67956 is divided by 1998.
24
Calculate the remainder when 50247 is divided by 250.
247
What is the remainder when 5693 is divided by 117?
77
What is the remainder when 186843 is divided by 209?
206
What is the remainder when 95800 is divided by 9?
4
Calculate the remainder when 1965 is divided by 371.
110
What is the remainder when 43929 is divided by 354?
33
What is the remainder when 34036 is divided by 146?
18
What is the remainder when 26257 is divided by 246?
181
What is the remainder when 229 is divided by 178?
51
What is the remainder when 2520 is divided by 1255?
10
What is the remainder when 423088 is divided by 90?
88
Calculate the remainder when 122108 is divided by 303.
302
What is the remainder when 766832 is divided by 103?
100
What is the remainder when 15392 is divided by 138?
74
Calculate the remainder when 135598 is divided by 226.
224
Calculate the remainder when 4302 is divided by 1418